{"id":73475,"date":"2019-01-06T17:13:08","date_gmt":"2019-01-06T16:13:08","guid":{"rendered":"http:\/\/www.kinergie.eu\/?page_id=73475"},"modified":"2022-02-14T18:02:59","modified_gmt":"2022-02-14T17:02:59","slug":"drainage-lymphatique-manuel","status":"publish","type":"page","link":"https:\/\/www.kinergie.eu\/?page_id=73475","title":{"rendered":"Drainage Lymphatique Manuel"},"content":{"rendered":"<p>[vc_row][vc_column width=\u00a0\u00bb1\/2&Prime;][vc_custom_heading text_color=\u00a0\u00bbcolor-112796&Prime; separator=\u00a0\u00bbyes\u00a0\u00bb separator_color=\u00a0\u00bbyes\u00a0\u00bb]Drainage Lymphatique Manuel[\/vc_custom_heading][vc_column_text]Le\u00a0<span style=\"color: #fc7e00;\">Drainage lymphatique manuel\u00a0<\/span>(selon Leduc) est une technique de <span style=\"color: #fc7e00;\">massage doux<\/span> pour stimuler la circulation lymphatique. Ce traitement est indiqu\u00e9 dans de nombreuses situations (diminution du lymph\u0153d\u00e8me, dysfonctionnement ou ablation de ganglions, notamment \u00e0 la suite d\u2019un traitement de cancer, soulagement des douleurs en cas de varices, cicatrisation, r\u00e9duction des \u0153d\u00e8mes, \u2026).[\/vc_column_text][\/vc_column][vc_column width=\u00a0\u00bb1\/2&Prime;][vc_empty_space empty_h=\u00a0\u00bb3&Prime;][vc_single_image media=\u00a0\u00bb74235&Prime; media_width_percent=\u00a0\u00bb85&Prime;][\/vc_column][\/vc_row][vc_row][vc_column width=\u00a0\u00bb1\/2&Prime;][vc_custom_heading text_color=\u00a0\u00bbcolor-112796&Prime; separator=\u00a0\u00bbyes\u00a0\u00bb separator_color=\u00a0\u00bbyes\u00a0\u00bb]Massage[\/vc_custom_heading][vc_column_text]Le\u00a0<span style=\"color: #fc7e00;\">Massage\u00a0<\/span>dans le cadre des traitements de\u00a0<span style=\"color: #fc7e00;\">kin\u00e9sith\u00e9rapie<\/span>,\u00a0va pouvoir \u00eatre utilis\u00e9 en vue d\u2019<span style=\"color: #fc7e00;\">\u00e9chauffement\/pr\u00e9paration\u00a0musculaire<\/span>\u00a0en d\u00e9but\u00a0de s\u00e9ance de kin\u00e9, mais est aussi utile pour r\u00e9duire les adh\u00e9rences\u00a0<span style=\"color: #fc7e00;\">cicatricielles\u00a0<\/span>(causes de pertes de\u00a0fonctionnement\u00a0musculaire ou articulaire), de m\u00eame qu\u2019au niveau\u00a0<span style=\"color: #fc7e00;\">visc\u00e9ral\u00a0<\/span>et digestif.<br \/>\nLe <span style=\"color: #fc7e00;\">massage<\/span> est \u00e9galement un outil de\u00a0<span style=\"color: #fc7e00;\">relaxation\u00a0<\/span>g\u00e9n\u00e9rale tr\u00e8s important que le kin\u00e9 pratique en\u00a0<span style=\"color: #fc7e00;\">profondeur\u00a0<\/span>dans la masse musculaire.[\/vc_column_text][\/vc_column][vc_column width=\u00a0\u00bb1\/2&Prime;][vc_custom_heading text_color=\u00a0\u00bbcolor-112796&Prime; separator=\u00a0\u00bbyes\u00a0\u00bb separator_color=\u00a0\u00bbyes\u00a0\u00bb]Kin\u00e9 Respiratoire[\/vc_custom_heading][vc_column_text]La <span style=\"color: #fc7e00;\">Kin\u00e9sith\u00e9rapie respiratoire<\/span> est une technique manuelle pour d\u00e9gager les voies respiratoires (bronches) des patients (bronchites, mucoviscidose, pneumonie, bronchiolite, \u2026). Cette technique est particuli\u00e8rement utilis\u00e9e chez les b\u00e9b\u00e9s ou les personnes \u00e2g\u00e9es, mais chacun peut n\u00e9cessiter ces soins.[\/vc_column_text][\/vc_column][\/vc_row][vc_row][vc_column width=\u00a0\u00bb1\/1&Prime;][vc_separator sep_color=\u00a0\u00bbcolor-dfgh\u00a0\u00bb][\/vc_column][\/vc_row]<\/p>\n","protected":false},"excerpt":{"rendered":"<p>[vc_row][vc_column width=\u00a0\u00bb1\/2&Prime;][vc_custom_heading text_color=\u00a0\u00bbcolor-112796&Prime; separator=\u00a0\u00bbyes\u00a0\u00bb separator_color=\u00a0\u00bbyes\u00a0\u00bb]Drainage Lymphatique Manuel[\/vc_custom_heading][vc_column_text]Le\u00a0Drainage lymphatique manuel\u00a0(selon Leduc) est une technique de massage doux pour stimuler la circulation [&hellip;]<\/p>\n","protected":false},"author":1,"featured_media":0,"parent":0,"menu_order":0,"comment_status":"closed","ping_status":"closed","template":"","meta":[],"yoast_head":"<!-- This site is optimized with the Yoast SEO plugin v21.1 - https:\/\/yoast.com\/wordpress\/plugins\/seo\/ -->\n<title>Drainage Lymphatique Manuel - kinergie<\/title>\n<meta name=\"robots\" content=\"index, follow, max-snippet:-1, max-image-preview:large, max-video-preview:-1\" \/>\n<link rel=\"canonical\" href=\"https:\/\/www.kinergie.eu\/?page_id=73475\" \/>\n<meta property=\"og:locale\" content=\"fr_FR\" \/>\n<meta property=\"og:type\" content=\"article\" \/>\n<meta property=\"og:title\" content=\"Drainage Lymphatique Manuel - kinergie\" \/>\n<meta property=\"og:description\" content=\"[vc_row][vc_column width=\u00a0\u00bb1\/2&Prime;][vc_custom_heading text_color=\u00a0\u00bbcolor-112796&Prime; separator=\u00a0\u00bbyes\u00a0\u00bb separator_color=\u00a0\u00bbyes\u00a0\u00bb]Drainage Lymphatique Manuel[\/vc_custom_heading][vc_column_text]Le\u00a0Drainage lymphatique manuel\u00a0(selon Leduc) est une technique de massage doux pour stimuler la circulation [&hellip;]\" \/>\n<meta property=\"og:url\" content=\"https:\/\/www.kinergie.eu\/?page_id=73475\" \/>\n<meta property=\"og:site_name\" content=\"kinergie\" \/>\n<meta property=\"article:modified_time\" content=\"2022-02-14T17:02:59+00:00\" \/>\n<meta name=\"twitter:card\" content=\"summary_large_image\" \/>\n<meta name=\"twitter:label1\" content=\"Dur\u00e9e de lecture estim\u00e9e\" \/>\n\t<meta name=\"twitter:data1\" content=\"1 minute\" \/>\n<script type=\"application\/ld+json\" class=\"yoast-schema-graph\">{\"@context\":\"https:\/\/schema.org\",\"@graph\":[{\"@type\":\"WebPage\",\"@id\":\"https:\/\/www.kinergie.eu\/?page_id=73475\",\"url\":\"https:\/\/www.kinergie.eu\/?page_id=73475\",\"name\":\"Drainage Lymphatique Manuel - kinergie\",\"isPartOf\":{\"@id\":\"https:\/\/www.kinergie.eu\/#website\"},\"datePublished\":\"2019-01-06T16:13:08+00:00\",\"dateModified\":\"2022-02-14T17:02:59+00:00\",\"breadcrumb\":{\"@id\":\"https:\/\/www.kinergie.eu\/?page_id=73475#breadcrumb\"},\"inLanguage\":\"fr-FR\",\"potentialAction\":[{\"@type\":\"ReadAction\",\"target\":[\"https:\/\/www.kinergie.eu\/?page_id=73475\"]}]},{\"@type\":\"BreadcrumbList\",\"@id\":\"https:\/\/www.kinergie.eu\/?page_id=73475#breadcrumb\",\"itemListElement\":[{\"@type\":\"ListItem\",\"position\":1,\"name\":\"Accueil\",\"item\":\"https:\/\/www.kinergie.eu\/\"},{\"@type\":\"ListItem\",\"position\":2,\"name\":\"Drainage Lymphatique Manuel\"}]},{\"@type\":\"WebSite\",\"@id\":\"https:\/\/www.kinergie.eu\/#website\",\"url\":\"https:\/\/www.kinergie.eu\/\",\"name\":\"Kinergie\",\"description\":\"Centre Kin\u00e9 \u00e0 Uccle\",\"publisher\":{\"@id\":\"https:\/\/www.kinergie.eu\/#organization\"},\"potentialAction\":[{\"@type\":\"SearchAction\",\"target\":{\"@type\":\"EntryPoint\",\"urlTemplate\":\"https:\/\/www.kinergie.eu\/?s={search_term_string}\"},\"query-input\":\"required name=search_term_string\"}],\"inLanguage\":\"fr-FR\"},{\"@type\":\"Organization\",\"@id\":\"https:\/\/www.kinergie.eu\/#organization\",\"name\":\"Kinergie\",\"url\":\"https:\/\/www.kinergie.eu\/\",\"logo\":{\"@type\":\"ImageObject\",\"inLanguage\":\"fr-FR\",\"@id\":\"https:\/\/www.kinergie.eu\/#\/schema\/logo\/image\/\",\"url\":\"https:\/\/www.kinergie.eu\/wp-content\/uploads\/2019\/01\/Logo12.png\",\"contentUrl\":\"https:\/\/www.kinergie.eu\/wp-content\/uploads\/2019\/01\/Logo12.png\",\"width\":700,\"height\":782,\"caption\":\"Kinergie\"},\"image\":{\"@id\":\"https:\/\/www.kinergie.eu\/#\/schema\/logo\/image\/\"}}]}<\/script>\n<!-- \/ Yoast SEO plugin. -->","yoast_head_json":{"title":"Drainage Lymphatique Manuel - kinergie","robots":{"index":"index","follow":"follow","max-snippet":"max-snippet:-1","max-image-preview":"max-image-preview:large","max-video-preview":"max-video-preview:-1"},"canonical":"https:\/\/www.kinergie.eu\/?page_id=73475","og_locale":"fr_FR","og_type":"article","og_title":"Drainage Lymphatique Manuel - kinergie","og_description":"[vc_row][vc_column width=\u00a0\u00bb1\/2&Prime;][vc_custom_heading text_color=\u00a0\u00bbcolor-112796&Prime; separator=\u00a0\u00bbyes\u00a0\u00bb separator_color=\u00a0\u00bbyes\u00a0\u00bb]Drainage Lymphatique Manuel[\/vc_custom_heading][vc_column_text]Le\u00a0Drainage lymphatique manuel\u00a0(selon Leduc) est une technique de massage doux pour stimuler la circulation [&hellip;]","og_url":"https:\/\/www.kinergie.eu\/?page_id=73475","og_site_name":"kinergie","article_modified_time":"2022-02-14T17:02:59+00:00","twitter_card":"summary_large_image","twitter_misc":{"Dur\u00e9e de lecture estim\u00e9e":"1 minute"},"schema":{"@context":"https:\/\/schema.org","@graph":[{"@type":"WebPage","@id":"https:\/\/www.kinergie.eu\/?page_id=73475","url":"https:\/\/www.kinergie.eu\/?page_id=73475","name":"Drainage Lymphatique Manuel - kinergie","isPartOf":{"@id":"https:\/\/www.kinergie.eu\/#website"},"datePublished":"2019-01-06T16:13:08+00:00","dateModified":"2022-02-14T17:02:59+00:00","breadcrumb":{"@id":"https:\/\/www.kinergie.eu\/?page_id=73475#breadcrumb"},"inLanguage":"fr-FR","potentialAction":[{"@type":"ReadAction","target":["https:\/\/www.kinergie.eu\/?page_id=73475"]}]},{"@type":"BreadcrumbList","@id":"https:\/\/www.kinergie.eu\/?page_id=73475#breadcrumb","itemListElement":[{"@type":"ListItem","position":1,"name":"Accueil","item":"https:\/\/www.kinergie.eu\/"},{"@type":"ListItem","position":2,"name":"Drainage Lymphatique Manuel"}]},{"@type":"WebSite","@id":"https:\/\/www.kinergie.eu\/#website","url":"https:\/\/www.kinergie.eu\/","name":"Kinergie","description":"Centre Kin\u00e9 \u00e0 Uccle","publisher":{"@id":"https:\/\/www.kinergie.eu\/#organization"},"potentialAction":[{"@type":"SearchAction","target":{"@type":"EntryPoint","urlTemplate":"https:\/\/www.kinergie.eu\/?s={search_term_string}"},"query-input":"required name=search_term_string"}],"inLanguage":"fr-FR"},{"@type":"Organization","@id":"https:\/\/www.kinergie.eu\/#organization","name":"Kinergie","url":"https:\/\/www.kinergie.eu\/","logo":{"@type":"ImageObject","inLanguage":"fr-FR","@id":"https:\/\/www.kinergie.eu\/#\/schema\/logo\/image\/","url":"https:\/\/www.kinergie.eu\/wp-content\/uploads\/2019\/01\/Logo12.png","contentUrl":"https:\/\/www.kinergie.eu\/wp-content\/uploads\/2019\/01\/Logo12.png","width":700,"height":782,"caption":"Kinergie"},"image":{"@id":"https:\/\/www.kinergie.eu\/#\/schema\/logo\/image\/"}}]}},"_links":{"self":[{"href":"https:\/\/www.kinergie.eu\/index.php?rest_route=\/wp\/v2\/pages\/73475"}],"collection":[{"href":"https:\/\/www.kinergie.eu\/index.php?rest_route=\/wp\/v2\/pages"}],"about":[{"href":"https:\/\/www.kinergie.eu\/index.php?rest_route=\/wp\/v2\/types\/page"}],"author":[{"embeddable":true,"href":"https:\/\/www.kinergie.eu\/index.php?rest_route=\/wp\/v2\/users\/1"}],"replies":[{"embeddable":true,"href":"https:\/\/www.kinergie.eu\/index.php?rest_route=%2Fwp%2Fv2%2Fcomments&post=73475"}],"version-history":[{"count":8,"href":"https:\/\/www.kinergie.eu\/index.php?rest_route=\/wp\/v2\/pages\/73475\/revisions"}],"predecessor-version":[{"id":74219,"href":"https:\/\/www.kinergie.eu\/index.php?rest_route=\/wp\/v2\/pages\/73475\/revisions\/74219"}],"wp:attachment":[{"href":"https:\/\/www.kinergie.eu\/index.php?rest_route=%2Fwp%2Fv2%2Fmedia&parent=73475"}],"curies":[{"name":"wp","href":"https:\/\/api.w.org\/{rel}","templated":true}]}}