{"id":73443,"date":"2019-01-06T16:55:00","date_gmt":"2019-01-06T15:55:00","guid":{"rendered":"http:\/\/www.kinergie.eu\/?page_id=73443"},"modified":"2022-02-14T18:05:53","modified_gmt":"2022-02-14T17:05:53","slug":"kine-generale","status":"publish","type":"page","link":"https:\/\/www.kinergie.eu\/?page_id=73443","title":{"rendered":"Kin\u00e9 G\u00e9n\u00e9rale"},"content":{"rendered":"<p>[vc_row][vc_column width=\u00a0\u00bb1\/2&Prime;][vc_custom_heading text_color=\u00a0\u00bbcolor-112796&Prime; separator=\u00a0\u00bbyes\u00a0\u00bb separator_color=\u00a0\u00bbyes\u00a0\u00bb]<span style=\"color: #000051;\">Revalidation Orthop\u00e9dique et Traumatologique<\/span>[\/vc_custom_heading][vc_column_text]La\u00a0<span style=\"color: #fc7e00;\">Revalidation orthop\u00e9dique <span style=\"color: #333333;\">et<\/span> traumatologique<\/span>\u00a0est un ensemble de soins de <span style=\"color: #fc7e00;\">kin\u00e9sith\u00e9rapie<\/span> prodigu\u00e9s \u00e0 la suite d\u2019un traumatisme physique (entorse, fracture, d\u00e9chirure musculaire, tendinite, &#8230;) ou d\u2019une intervention chirurgicale en vue d\u2019aider le patient \u00e0 r\u00e9cup\u00e9rer les fonctions musculaires et articulaires. Lors de ces s\u00e9ances, le <span style=\"color: #fc7e00;\">kin\u00e9sith\u00e9rapeute<\/span> utilise de nombreuses techniques (<span style=\"color: #fc7e00;\">massages<\/span>, <span style=\"color: #fc7e00;\">mobilisations<\/span>, <span style=\"color: #fc7e00;\">renforcement musculaire<\/span>, <span style=\"color: #fc7e00;\">taping<\/span>, <span style=\"color: #fc7e00;\">crochetage<\/span>, \u2026).[\/vc_column_text][\/vc_column][vc_column width=\u00a0\u00bb1\/2&Prime;][vc_empty_space empty_h=\u00a0\u00bb3&Prime;][vc_single_image media=\u00a0\u00bb74239&Prime; media_width_percent=\u00a0\u00bb65&Prime;][\/vc_column][\/vc_row][vc_row][vc_column width=\u00a0\u00bb1\/2&Prime;][vc_custom_heading text_color=\u00a0\u00bbcolor-112796&Prime; separator=\u00a0\u00bbyes\u00a0\u00bb separator_color=\u00a0\u00bbyes\u00a0\u00bb]<span style=\"color: #000051;\">Crochetage<\/span>[\/vc_custom_heading][vc_column_text]<span style=\"color: #fc7e00;\"><span style=\"color: #000000;\">Le<\/span> Crochetage<\/span>\u00a0est une technique de <span style=\"color: #fc7e00;\">kin\u00e9sith\u00e9rapie<\/span> qui consiste \u00e0 d\u00e9gager profond\u00e9ment et avec une grande pr\u00e9cision des adh\u00e9rences entre des structures tissulaires (les muscles, la peau, les tendons). Dans le traitement (notamment) d\u2019inflammations des tendons (tendinites), post-op\u00e9ratoire (cicatrices) ou post-traumatique, le crochetage permet de diminuer la douleur et d\u2019augmenter la mobilit\u00e9 des structures tissulaires.[\/vc_column_text][\/vc_column][vc_column width=\u00a0\u00bb1\/2&Prime;][vc_custom_heading text_color=\u00a0\u00bbcolor-112796&Prime; separator=\u00a0\u00bbyes\u00a0\u00bb separator_color=\u00a0\u00bbyes\u00a0\u00bb]<span style=\"color: #000051;\">Kin\u00e9 Respiratoire<\/span>[\/vc_custom_heading][vc_column_text]La <span style=\"color: #fc7e00;\">Kin\u00e9sith\u00e9rapie respiratoire<\/span> est une technique manuelle pour d\u00e9gager les voies respiratoires (bronches) des patients (bronchites, mucoviscidose, pneumonie, bronchiolite, \u2026). Cette technique est particuli\u00e8rement utilis\u00e9e chez les b\u00e9b\u00e9s ou les personnes \u00e2g\u00e9es, mais chacun peut n\u00e9cessiter ces soins.[\/vc_column_text][\/vc_column][\/vc_row][vc_row][vc_column width=\u00a0\u00bb1\/1&Prime;][vc_separator sep_color=\u00a0\u00bbcolor-dfgh\u00a0\u00bb][\/vc_column][\/vc_row]<\/p>\n","protected":false},"excerpt":{"rendered":"<p>[vc_row][vc_column width=\u00a0\u00bb1\/2&Prime;][vc_custom_heading text_color=\u00a0\u00bbcolor-112796&Prime; separator=\u00a0\u00bbyes\u00a0\u00bb separator_color=\u00a0\u00bbyes\u00a0\u00bb]Revalidation Orthop\u00e9dique et Traumatologique[\/vc_custom_heading][vc_column_text]La\u00a0Revalidation orthop\u00e9dique et traumatologique\u00a0est un ensemble de soins de kin\u00e9sith\u00e9rapie prodigu\u00e9s \u00e0 la [&hellip;]<\/p>\n","protected":false},"author":1,"featured_media":0,"parent":0,"menu_order":0,"comment_status":"closed","ping_status":"closed","template":"","meta":[],"yoast_head":"<!-- This site is optimized with the Yoast SEO plugin v21.1 - https:\/\/yoast.com\/wordpress\/plugins\/seo\/ -->\n<title>Kin\u00e9 G\u00e9n\u00e9rale - kinergie<\/title>\n<meta name=\"robots\" content=\"index, follow, max-snippet:-1, max-image-preview:large, max-video-preview:-1\" \/>\n<link rel=\"canonical\" href=\"https:\/\/www.kinergie.eu\/?page_id=73443\" \/>\n<meta property=\"og:locale\" content=\"fr_FR\" \/>\n<meta property=\"og:type\" content=\"article\" \/>\n<meta property=\"og:title\" content=\"Kin\u00e9 G\u00e9n\u00e9rale - kinergie\" \/>\n<meta property=\"og:description\" content=\"[vc_row][vc_column width=\u00a0\u00bb1\/2&Prime;][vc_custom_heading text_color=\u00a0\u00bbcolor-112796&Prime; separator=\u00a0\u00bbyes\u00a0\u00bb separator_color=\u00a0\u00bbyes\u00a0\u00bb]Revalidation Orthop\u00e9dique et Traumatologique[\/vc_custom_heading][vc_column_text]La\u00a0Revalidation orthop\u00e9dique et traumatologique\u00a0est un ensemble de soins de kin\u00e9sith\u00e9rapie prodigu\u00e9s \u00e0 la [&hellip;]\" \/>\n<meta property=\"og:url\" content=\"https:\/\/www.kinergie.eu\/?page_id=73443\" \/>\n<meta property=\"og:site_name\" content=\"kinergie\" \/>\n<meta property=\"article:modified_time\" content=\"2022-02-14T17:05:53+00:00\" \/>\n<meta name=\"twitter:card\" content=\"summary_large_image\" \/>\n<meta name=\"twitter:label1\" content=\"Dur\u00e9e de lecture estim\u00e9e\" \/>\n\t<meta name=\"twitter:data1\" content=\"1 minute\" \/>\n<script type=\"application\/ld+json\" class=\"yoast-schema-graph\">{\"@context\":\"https:\/\/schema.org\",\"@graph\":[{\"@type\":\"WebPage\",\"@id\":\"https:\/\/www.kinergie.eu\/?page_id=73443\",\"url\":\"https:\/\/www.kinergie.eu\/?page_id=73443\",\"name\":\"Kin\u00e9 G\u00e9n\u00e9rale - kinergie\",\"isPartOf\":{\"@id\":\"https:\/\/www.kinergie.eu\/#website\"},\"datePublished\":\"2019-01-06T15:55:00+00:00\",\"dateModified\":\"2022-02-14T17:05:53+00:00\",\"breadcrumb\":{\"@id\":\"https:\/\/www.kinergie.eu\/?page_id=73443#breadcrumb\"},\"inLanguage\":\"fr-FR\",\"potentialAction\":[{\"@type\":\"ReadAction\",\"target\":[\"https:\/\/www.kinergie.eu\/?page_id=73443\"]}]},{\"@type\":\"BreadcrumbList\",\"@id\":\"https:\/\/www.kinergie.eu\/?page_id=73443#breadcrumb\",\"itemListElement\":[{\"@type\":\"ListItem\",\"position\":1,\"name\":\"Accueil\",\"item\":\"https:\/\/www.kinergie.eu\/\"},{\"@type\":\"ListItem\",\"position\":2,\"name\":\"Kin\u00e9 G\u00e9n\u00e9rale\"}]},{\"@type\":\"WebSite\",\"@id\":\"https:\/\/www.kinergie.eu\/#website\",\"url\":\"https:\/\/www.kinergie.eu\/\",\"name\":\"Kinergie\",\"description\":\"Centre Kin\u00e9 \u00e0 Uccle\",\"publisher\":{\"@id\":\"https:\/\/www.kinergie.eu\/#organization\"},\"potentialAction\":[{\"@type\":\"SearchAction\",\"target\":{\"@type\":\"EntryPoint\",\"urlTemplate\":\"https:\/\/www.kinergie.eu\/?s={search_term_string}\"},\"query-input\":\"required name=search_term_string\"}],\"inLanguage\":\"fr-FR\"},{\"@type\":\"Organization\",\"@id\":\"https:\/\/www.kinergie.eu\/#organization\",\"name\":\"Kinergie\",\"url\":\"https:\/\/www.kinergie.eu\/\",\"logo\":{\"@type\":\"ImageObject\",\"inLanguage\":\"fr-FR\",\"@id\":\"https:\/\/www.kinergie.eu\/#\/schema\/logo\/image\/\",\"url\":\"https:\/\/www.kinergie.eu\/wp-content\/uploads\/2019\/01\/Logo12.png\",\"contentUrl\":\"https:\/\/www.kinergie.eu\/wp-content\/uploads\/2019\/01\/Logo12.png\",\"width\":700,\"height\":782,\"caption\":\"Kinergie\"},\"image\":{\"@id\":\"https:\/\/www.kinergie.eu\/#\/schema\/logo\/image\/\"}}]}<\/script>\n<!-- \/ Yoast SEO plugin. -->","yoast_head_json":{"title":"Kin\u00e9 G\u00e9n\u00e9rale - kinergie","robots":{"index":"index","follow":"follow","max-snippet":"max-snippet:-1","max-image-preview":"max-image-preview:large","max-video-preview":"max-video-preview:-1"},"canonical":"https:\/\/www.kinergie.eu\/?page_id=73443","og_locale":"fr_FR","og_type":"article","og_title":"Kin\u00e9 G\u00e9n\u00e9rale - kinergie","og_description":"[vc_row][vc_column width=\u00a0\u00bb1\/2&Prime;][vc_custom_heading text_color=\u00a0\u00bbcolor-112796&Prime; separator=\u00a0\u00bbyes\u00a0\u00bb separator_color=\u00a0\u00bbyes\u00a0\u00bb]Revalidation Orthop\u00e9dique et Traumatologique[\/vc_custom_heading][vc_column_text]La\u00a0Revalidation orthop\u00e9dique et traumatologique\u00a0est un ensemble de soins de kin\u00e9sith\u00e9rapie prodigu\u00e9s \u00e0 la [&hellip;]","og_url":"https:\/\/www.kinergie.eu\/?page_id=73443","og_site_name":"kinergie","article_modified_time":"2022-02-14T17:05:53+00:00","twitter_card":"summary_large_image","twitter_misc":{"Dur\u00e9e de lecture estim\u00e9e":"1 minute"},"schema":{"@context":"https:\/\/schema.org","@graph":[{"@type":"WebPage","@id":"https:\/\/www.kinergie.eu\/?page_id=73443","url":"https:\/\/www.kinergie.eu\/?page_id=73443","name":"Kin\u00e9 G\u00e9n\u00e9rale - kinergie","isPartOf":{"@id":"https:\/\/www.kinergie.eu\/#website"},"datePublished":"2019-01-06T15:55:00+00:00","dateModified":"2022-02-14T17:05:53+00:00","breadcrumb":{"@id":"https:\/\/www.kinergie.eu\/?page_id=73443#breadcrumb"},"inLanguage":"fr-FR","potentialAction":[{"@type":"ReadAction","target":["https:\/\/www.kinergie.eu\/?page_id=73443"]}]},{"@type":"BreadcrumbList","@id":"https:\/\/www.kinergie.eu\/?page_id=73443#breadcrumb","itemListElement":[{"@type":"ListItem","position":1,"name":"Accueil","item":"https:\/\/www.kinergie.eu\/"},{"@type":"ListItem","position":2,"name":"Kin\u00e9 G\u00e9n\u00e9rale"}]},{"@type":"WebSite","@id":"https:\/\/www.kinergie.eu\/#website","url":"https:\/\/www.kinergie.eu\/","name":"Kinergie","description":"Centre Kin\u00e9 \u00e0 Uccle","publisher":{"@id":"https:\/\/www.kinergie.eu\/#organization"},"potentialAction":[{"@type":"SearchAction","target":{"@type":"EntryPoint","urlTemplate":"https:\/\/www.kinergie.eu\/?s={search_term_string}"},"query-input":"required name=search_term_string"}],"inLanguage":"fr-FR"},{"@type":"Organization","@id":"https:\/\/www.kinergie.eu\/#organization","name":"Kinergie","url":"https:\/\/www.kinergie.eu\/","logo":{"@type":"ImageObject","inLanguage":"fr-FR","@id":"https:\/\/www.kinergie.eu\/#\/schema\/logo\/image\/","url":"https:\/\/www.kinergie.eu\/wp-content\/uploads\/2019\/01\/Logo12.png","contentUrl":"https:\/\/www.kinergie.eu\/wp-content\/uploads\/2019\/01\/Logo12.png","width":700,"height":782,"caption":"Kinergie"},"image":{"@id":"https:\/\/www.kinergie.eu\/#\/schema\/logo\/image\/"}}]}},"_links":{"self":[{"href":"https:\/\/www.kinergie.eu\/index.php?rest_route=\/wp\/v2\/pages\/73443"}],"collection":[{"href":"https:\/\/www.kinergie.eu\/index.php?rest_route=\/wp\/v2\/pages"}],"about":[{"href":"https:\/\/www.kinergie.eu\/index.php?rest_route=\/wp\/v2\/types\/page"}],"author":[{"embeddable":true,"href":"https:\/\/www.kinergie.eu\/index.php?rest_route=\/wp\/v2\/users\/1"}],"replies":[{"embeddable":true,"href":"https:\/\/www.kinergie.eu\/index.php?rest_route=%2Fwp%2Fv2%2Fcomments&post=73443"}],"version-history":[{"count":19,"href":"https:\/\/www.kinergie.eu\/index.php?rest_route=\/wp\/v2\/pages\/73443\/revisions"}],"predecessor-version":[{"id":74241,"href":"https:\/\/www.kinergie.eu\/index.php?rest_route=\/wp\/v2\/pages\/73443\/revisions\/74241"}],"wp:attachment":[{"href":"https:\/\/www.kinergie.eu\/index.php?rest_route=%2Fwp%2Fv2%2Fmedia&parent=73443"}],"curies":[{"name":"wp","href":"https:\/\/api.w.org\/{rel}","templated":true}]}}