{"id":73165,"date":"2019-01-02T13:50:28","date_gmt":"2019-01-02T12:50:28","guid":{"rendered":"http:\/\/www.kinergie.eu\/?page_id=73165"},"modified":"2022-02-14T16:41:05","modified_gmt":"2022-02-14T15:41:05","slug":"marie-charlotte-guillet-2","status":"publish","type":"page","link":"https:\/\/www.kinergie.eu\/?page_id=73165","title":{"rendered":"Marie-Charlotte Guillet"},"content":{"rendered":"<p>[vc_row][vc_column width=\u00a0\u00bb1\/2&Prime;][vc_custom_heading text_size=\u00a0\u00bbh1&Prime; text_color=\u00a0\u00bbcolor-112796&Prime; separator=\u00a0\u00bbyes\u00a0\u00bb separator_color=\u00a0\u00bbyes\u00a0\u00bb]<span style=\"color: #000051;\"><strong>Marie-Charlotte Guillet<\/strong><\/span>[\/vc_custom_heading][vc_column_text]<span style=\"color: #fc7e00;\">Kin\u00e9sith\u00e9rapeute<\/span> (revalidation et kin\u00e9sith\u00e9rapie respiratoire), <span style=\"color: #fc7e00;\">th\u00e9rapie manuelle<\/span> et <span style=\"color: #fc7e00;\">visc\u00e9rale<\/span><\/p>\n<h3><span style=\"color: #fc7e00;\"><strong>Qui suis-je\u00a0?<\/strong><\/span><\/h3>\n<p>Passionn\u00e9e par le domaine de la sant\u00e9, je suis dipl\u00f4m\u00e9e en kin\u00e9sith\u00e9rapie depuis 2010 et m\u2019y investis pleinement.<\/p>\n<p>Depuis le d\u00e9but de ma carri\u00e8re, je travaille avec <span style=\"color: #fc7e00;\">Am\u00e9lie<\/span>. J&rsquo;ai aussi travaill\u00e9 \u00e0 Waterloo et \u00e0 Bruxelles en partenariat avec d&rsquo;autres professionnels. Souhaitant sans cesse mieux r\u00e9pondre aux besoins des patients et am\u00e9liorer leur prise en charge, j\u2019ai poursuivi ma formation apr\u00e8s la fin de mes \u00e9tudes. J&rsquo;ai ainsi acquis de nombreuses techniques qui me permettent de compl\u00e9ter les traitements que je donne (<span style=\"color: #fc7e00;\">drainage lymphatique manuel<\/span>, <span style=\"color: #fc7e00;\">crochetage<\/span>, diff\u00e9rentes techniques de <span style=\"color: #fc7e00;\">massage<\/span>, <span style=\"color: #fc7e00;\">th\u00e9rapie manuelle<\/span> et m\u00eame la <span style=\"color: #fc7e00;\">nutrition<\/span>).<\/p>\n<p>J&rsquo;ai effectu\u00e9 une ann\u00e9e de formation et des stages en <span style=\"color: #fc7e00;\">\u00e9tiopathie<\/span> ainsi qu&rsquo;en <span style=\"color: #fc7e00;\">th\u00e9rapie visc\u00e9rale<\/span> qui m&rsquo;apportent le plus que je cherchais depuis quelques temps, me permettant une approche holistique plus pr\u00e9cise et approfondie de la pathologie. Par cette d\u00e9marche j\u2019apporte davantage de qualit\u00e9 et de bienveillance dans les soins que j&rsquo;apporte aux patients. L\u2019\u00e9tiopathie \u00e9tant un outil fort et compl\u00e9mentaire dans le cheminement de mon traitement <span style=\"color: #fc7e00;\">kin\u00e9sith\u00e9rapeutique<\/span>.<\/p>\n<p>Soucieuse de vous servir au mieux, je me d\u00e9place au domicile des patients qui le n\u00e9cessitent.[\/vc_column_text][\/vc_column][vc_column width=\u00a0\u00bb1\/2&Prime;][vc_empty_space empty_h=\u00a0\u00bb3&Prime;][vc_single_image media=\u00a0\u00bb73166&Prime; media_width_percent=\u00a0\u00bb75&Prime;][\/vc_column][\/vc_row][vc_row][vc_column width=\u00a0\u00bb1\/1&Prime;][vc_separator sep_color=\u00a0\u00bbcolor-dfgh\u00a0\u00bb][\/vc_column][\/vc_row][vc_row][vc_column width=\u00a0\u00bb1\/2&Prime;][vc_single_image media=\u00a0\u00bb74226&Prime; media_width_percent=\u00a0\u00bb80&Prime;][\/vc_column][vc_column width=\u00a0\u00bb1\/2&Prime;][vc_column_text]<\/p>\n<h3><span style=\"color: #fc7e00;\"><strong>Comp\u00e9tences<\/strong>\u00a0:<\/span><\/h3>\n<p style=\"text-align: left;\"><span style=\"text-decoration: underline;\"><strong><a href=\"http:\/\/www.kinergie.eu\/?page_id=73443\">Kin\u00e9 g\u00e9n\u00e9rale<\/a><\/strong><\/span><\/p>\n<p style=\"text-align: left;\"><span style=\"text-decoration: underline;\"><strong><a href=\"http:\/\/www.kinergie.eu\/?page_id=73481\">Th\u00e9rapie Manuelle <\/a><\/strong><\/span><\/p>\n<p style=\"text-align: left;\"><span style=\"text-decoration: underline;\"><strong><a href=\"http:\/\/www.kinergie.eu\/?page_id=73623\">Kin\u00e9 respiratoire<\/a><\/strong><\/span><\/p>\n<p style=\"text-align: left;\"><span style=\"text-decoration: underline;\"><strong><a href=\"http:\/\/www.kinergie.eu\/?page_id=73475\">Drainage Lymphatique Manuel<\/a><\/strong><\/span><\/p>\n<p>[\/vc_column_text][vc_column_text]<\/p>\n<h3><span style=\"color: #fc7e00;\"><strong>Formations en cours et \u00e0 suivre :<\/strong><\/span><\/h3>\n<p><strong><u>Th\u00e9rapie Visc\u00e9rale<\/u><\/strong><\/p>\n<p><strong><u>Micronutrition<\/u><\/strong><\/p>\n<h3><span style=\"color: #fc7e00;\">Comment me joindre ?<\/span><\/h3>\n<p><a href=\"tel:0477705332\"><span style=\"text-decoration: underline;\"><strong>+32 (0) 477 70 53 32<\/strong><\/span><\/a><\/p>\n<p><a href=\"mailto:guilletmc@yahoo.fr\"><span style=\"text-decoration: underline;\"><strong>guilletmc@yahoo.fr<\/strong><\/span><\/a>[\/vc_column_text][vc_column_text]<\/p>\n<h3><span style=\"color: #fc7e00;\"><strong>Adresse<\/strong><\/span><\/h3>\n<p class=\"m_5058615310638845275MsoListParagraph\"><strong><span style=\"color: #000051;\">Avenue D\u2019Andrimont 62<\/span><\/strong><\/p>\n<p class=\"m_5058615310638845275MsoListParagraph\"><strong><span style=\"color: #000051;\">1180 Uccle<\/span><\/strong><\/p>\n<p class=\"m_5058615310638845275MsoListParagraph\">Entre le Fort-Jaco et la place Saint-job.<\/p>\n<p>[\/vc_column_text][\/vc_column][\/vc_row][vc_row][vc_column width=\u00a0\u00bb1\/1&Prime;][vc_separator sep_color=\u00a0\u00bbcolor-dfgh\u00a0\u00bb][\/vc_column][\/vc_row]<\/p>\n","protected":false},"excerpt":{"rendered":"<p>[vc_row][vc_column width=\u00a0\u00bb1\/2&Prime;][vc_custom_heading text_size=\u00a0\u00bbh1&Prime; text_color=\u00a0\u00bbcolor-112796&Prime; separator=\u00a0\u00bbyes\u00a0\u00bb separator_color=\u00a0\u00bbyes\u00a0\u00bb]Marie-Charlotte Guillet[\/vc_custom_heading][vc_column_text]Kin\u00e9sith\u00e9rapeute (revalidation et kin\u00e9sith\u00e9rapie respiratoire), th\u00e9rapie manuelle et visc\u00e9rale Qui suis-je\u00a0? Passionn\u00e9e par le [&hellip;]<\/p>\n","protected":false},"author":1,"featured_media":0,"parent":0,"menu_order":0,"comment_status":"closed","ping_status":"closed","template":"","meta":[],"yoast_head":"<!-- This site is optimized with the Yoast SEO plugin v21.1 - https:\/\/yoast.com\/wordpress\/plugins\/seo\/ -->\n<title>Marie-Charlotte Guillet - kinergie<\/title>\n<meta name=\"robots\" content=\"index, follow, max-snippet:-1, max-image-preview:large, max-video-preview:-1\" \/>\n<link rel=\"canonical\" href=\"https:\/\/www.kinergie.eu\/?page_id=73165\" \/>\n<meta property=\"og:locale\" content=\"fr_FR\" \/>\n<meta property=\"og:type\" content=\"article\" \/>\n<meta property=\"og:title\" content=\"Marie-Charlotte Guillet - kinergie\" \/>\n<meta property=\"og:description\" content=\"[vc_row][vc_column width=\u00a0\u00bb1\/2&Prime;][vc_custom_heading text_size=\u00a0\u00bbh1&Prime; text_color=\u00a0\u00bbcolor-112796&Prime; separator=\u00a0\u00bbyes\u00a0\u00bb separator_color=\u00a0\u00bbyes\u00a0\u00bb]Marie-Charlotte Guillet[\/vc_custom_heading][vc_column_text]Kin\u00e9sith\u00e9rapeute (revalidation et kin\u00e9sith\u00e9rapie respiratoire), th\u00e9rapie manuelle et visc\u00e9rale Qui suis-je\u00a0? Passionn\u00e9e par le [&hellip;]\" \/>\n<meta property=\"og:url\" content=\"https:\/\/www.kinergie.eu\/?page_id=73165\" \/>\n<meta property=\"og:site_name\" content=\"kinergie\" \/>\n<meta property=\"article:modified_time\" content=\"2022-02-14T15:41:05+00:00\" \/>\n<meta name=\"twitter:card\" content=\"summary_large_image\" \/>\n<meta name=\"twitter:label1\" content=\"Dur\u00e9e de lecture estim\u00e9e\" \/>\n\t<meta name=\"twitter:data1\" content=\"2 minutes\" \/>\n<script type=\"application\/ld+json\" class=\"yoast-schema-graph\">{\"@context\":\"https:\/\/schema.org\",\"@graph\":[{\"@type\":\"WebPage\",\"@id\":\"https:\/\/www.kinergie.eu\/?page_id=73165\",\"url\":\"https:\/\/www.kinergie.eu\/?page_id=73165\",\"name\":\"Marie-Charlotte Guillet - kinergie\",\"isPartOf\":{\"@id\":\"https:\/\/www.kinergie.eu\/#website\"},\"datePublished\":\"2019-01-02T12:50:28+00:00\",\"dateModified\":\"2022-02-14T15:41:05+00:00\",\"breadcrumb\":{\"@id\":\"https:\/\/www.kinergie.eu\/?page_id=73165#breadcrumb\"},\"inLanguage\":\"fr-FR\",\"potentialAction\":[{\"@type\":\"ReadAction\",\"target\":[\"https:\/\/www.kinergie.eu\/?page_id=73165\"]}]},{\"@type\":\"BreadcrumbList\",\"@id\":\"https:\/\/www.kinergie.eu\/?page_id=73165#breadcrumb\",\"itemListElement\":[{\"@type\":\"ListItem\",\"position\":1,\"name\":\"Accueil\",\"item\":\"https:\/\/www.kinergie.eu\/\"},{\"@type\":\"ListItem\",\"position\":2,\"name\":\"Marie-Charlotte Guillet\"}]},{\"@type\":\"WebSite\",\"@id\":\"https:\/\/www.kinergie.eu\/#website\",\"url\":\"https:\/\/www.kinergie.eu\/\",\"name\":\"Kinergie\",\"description\":\"Centre Kin\u00e9 \u00e0 Uccle\",\"publisher\":{\"@id\":\"https:\/\/www.kinergie.eu\/#organization\"},\"potentialAction\":[{\"@type\":\"SearchAction\",\"target\":{\"@type\":\"EntryPoint\",\"urlTemplate\":\"https:\/\/www.kinergie.eu\/?s={search_term_string}\"},\"query-input\":\"required name=search_term_string\"}],\"inLanguage\":\"fr-FR\"},{\"@type\":\"Organization\",\"@id\":\"https:\/\/www.kinergie.eu\/#organization\",\"name\":\"Kinergie\",\"url\":\"https:\/\/www.kinergie.eu\/\",\"logo\":{\"@type\":\"ImageObject\",\"inLanguage\":\"fr-FR\",\"@id\":\"https:\/\/www.kinergie.eu\/#\/schema\/logo\/image\/\",\"url\":\"https:\/\/www.kinergie.eu\/wp-content\/uploads\/2019\/01\/Logo12.png\",\"contentUrl\":\"https:\/\/www.kinergie.eu\/wp-content\/uploads\/2019\/01\/Logo12.png\",\"width\":700,\"height\":782,\"caption\":\"Kinergie\"},\"image\":{\"@id\":\"https:\/\/www.kinergie.eu\/#\/schema\/logo\/image\/\"}}]}<\/script>\n<!-- \/ Yoast SEO plugin. -->","yoast_head_json":{"title":"Marie-Charlotte Guillet - kinergie","robots":{"index":"index","follow":"follow","max-snippet":"max-snippet:-1","max-image-preview":"max-image-preview:large","max-video-preview":"max-video-preview:-1"},"canonical":"https:\/\/www.kinergie.eu\/?page_id=73165","og_locale":"fr_FR","og_type":"article","og_title":"Marie-Charlotte Guillet - kinergie","og_description":"[vc_row][vc_column width=\u00a0\u00bb1\/2&Prime;][vc_custom_heading text_size=\u00a0\u00bbh1&Prime; text_color=\u00a0\u00bbcolor-112796&Prime; separator=\u00a0\u00bbyes\u00a0\u00bb separator_color=\u00a0\u00bbyes\u00a0\u00bb]Marie-Charlotte Guillet[\/vc_custom_heading][vc_column_text]Kin\u00e9sith\u00e9rapeute (revalidation et kin\u00e9sith\u00e9rapie respiratoire), th\u00e9rapie manuelle et visc\u00e9rale Qui suis-je\u00a0? Passionn\u00e9e par le [&hellip;]","og_url":"https:\/\/www.kinergie.eu\/?page_id=73165","og_site_name":"kinergie","article_modified_time":"2022-02-14T15:41:05+00:00","twitter_card":"summary_large_image","twitter_misc":{"Dur\u00e9e de lecture estim\u00e9e":"2 minutes"},"schema":{"@context":"https:\/\/schema.org","@graph":[{"@type":"WebPage","@id":"https:\/\/www.kinergie.eu\/?page_id=73165","url":"https:\/\/www.kinergie.eu\/?page_id=73165","name":"Marie-Charlotte Guillet - kinergie","isPartOf":{"@id":"https:\/\/www.kinergie.eu\/#website"},"datePublished":"2019-01-02T12:50:28+00:00","dateModified":"2022-02-14T15:41:05+00:00","breadcrumb":{"@id":"https:\/\/www.kinergie.eu\/?page_id=73165#breadcrumb"},"inLanguage":"fr-FR","potentialAction":[{"@type":"ReadAction","target":["https:\/\/www.kinergie.eu\/?page_id=73165"]}]},{"@type":"BreadcrumbList","@id":"https:\/\/www.kinergie.eu\/?page_id=73165#breadcrumb","itemListElement":[{"@type":"ListItem","position":1,"name":"Accueil","item":"https:\/\/www.kinergie.eu\/"},{"@type":"ListItem","position":2,"name":"Marie-Charlotte Guillet"}]},{"@type":"WebSite","@id":"https:\/\/www.kinergie.eu\/#website","url":"https:\/\/www.kinergie.eu\/","name":"Kinergie","description":"Centre Kin\u00e9 \u00e0 Uccle","publisher":{"@id":"https:\/\/www.kinergie.eu\/#organization"},"potentialAction":[{"@type":"SearchAction","target":{"@type":"EntryPoint","urlTemplate":"https:\/\/www.kinergie.eu\/?s={search_term_string}"},"query-input":"required name=search_term_string"}],"inLanguage":"fr-FR"},{"@type":"Organization","@id":"https:\/\/www.kinergie.eu\/#organization","name":"Kinergie","url":"https:\/\/www.kinergie.eu\/","logo":{"@type":"ImageObject","inLanguage":"fr-FR","@id":"https:\/\/www.kinergie.eu\/#\/schema\/logo\/image\/","url":"https:\/\/www.kinergie.eu\/wp-content\/uploads\/2019\/01\/Logo12.png","contentUrl":"https:\/\/www.kinergie.eu\/wp-content\/uploads\/2019\/01\/Logo12.png","width":700,"height":782,"caption":"Kinergie"},"image":{"@id":"https:\/\/www.kinergie.eu\/#\/schema\/logo\/image\/"}}]}},"_links":{"self":[{"href":"https:\/\/www.kinergie.eu\/index.php?rest_route=\/wp\/v2\/pages\/73165"}],"collection":[{"href":"https:\/\/www.kinergie.eu\/index.php?rest_route=\/wp\/v2\/pages"}],"about":[{"href":"https:\/\/www.kinergie.eu\/index.php?rest_route=\/wp\/v2\/types\/page"}],"author":[{"embeddable":true,"href":"https:\/\/www.kinergie.eu\/index.php?rest_route=\/wp\/v2\/users\/1"}],"replies":[{"embeddable":true,"href":"https:\/\/www.kinergie.eu\/index.php?rest_route=%2Fwp%2Fv2%2Fcomments&post=73165"}],"version-history":[{"count":31,"href":"https:\/\/www.kinergie.eu\/index.php?rest_route=\/wp\/v2\/pages\/73165\/revisions"}],"predecessor-version":[{"id":74227,"href":"https:\/\/www.kinergie.eu\/index.php?rest_route=\/wp\/v2\/pages\/73165\/revisions\/74227"}],"wp:attachment":[{"href":"https:\/\/www.kinergie.eu\/index.php?rest_route=%2Fwp%2Fv2%2Fmedia&parent=73165"}],"curies":[{"name":"wp","href":"https:\/\/api.w.org\/{rel}","templated":true}]}}