{"id":73005,"date":"2018-12-30T15:20:27","date_gmt":"2018-12-30T14:20:27","guid":{"rendered":"http:\/\/www.kinergie.eu\/?page_id=73005"},"modified":"2022-02-14T16:39:04","modified_gmt":"2022-02-14T15:39:04","slug":"amelie-collette","status":"publish","type":"page","link":"https:\/\/www.kinergie.eu\/?page_id=73005","title":{"rendered":"Am\u00e9lie Collette"},"content":{"rendered":"<p>[vc_row row_height_percent=\u00a0\u00bb80&Prime; overlay_alpha=\u00a0\u00bb50&Prime; gutter_size=\u00a0\u00bb3&Prime; column_width_percent=\u00a0\u00bb100&Prime; shift_y=\u00a0\u00bb0&Prime; z_index=\u00a0\u00bb0&Prime;][vc_column width=\u00a0\u00bb1\/2&Prime;][vc_custom_heading text_size=\u00a0\u00bbh1&Prime; text_color=\u00a0\u00bbcolor-112796&Prime; separator=\u00a0\u00bbyes\u00a0\u00bb separator_color=\u00a0\u00bbyes\u00a0\u00bb]<strong>Am\u00e9lie Collette<\/strong>[\/vc_custom_heading][vc_column_text]<em>Licenci\u00e9e en <span style=\"color: #fc7e00;\">Kin\u00e9sith\u00e9rapie<\/span> et <span style=\"color: #fc7e00;\">r\u00e9adaptation<\/span> depuis 1999,<\/em><br \/>\n<em><span style=\"color: #fc7e00;\">RPGiste<\/span>, <span style=\"color: #fc7e00;\">microkin\u00e9sith\u00e9rapeute,<\/span>\u00a0<span style=\"color: #fc7e00;\">Streching Global Actif (SGA)<\/span>, <span style=\"color: #fc7e00;\">Scoliose<\/span> et <span style=\"color: #fc7e00;\">ATM<\/span> (Articulation Temporo Mandibulaire).<\/em>[\/vc_column_text][vc_custom_heading text_color=\u00a0\u00bbcolor-dfgh\u00a0\u00bb]Qui suis-je\u00a0?[\/vc_custom_heading][vc_column_text]Depuis toute petite je veux devenir <span style=\"color: #fc5900;\">Kin\u00e9<\/span> car \u00ab\u00a0le mouvement c\u2019est la vie\u00a0\u00bb. Et rien de tel pour moi que de soigner les gens par le mouvement et pour leurs mouvements. Chaque fois que j\u2019aide un patient \u00e0 mieux bouger, je suis heureuse dans mon travail. Apr\u00e8s avoir travaill\u00e9 pendant une dizaine d\u2019ann\u00e9es avec des enfants avec des handicaps moteurs ou des troubles de l\u2019attention et d\u2019hyperactivit\u00e9, je me suis form\u00e9e en 2006 \u00e0 la <span style=\"color: #fc5900;\">RPG<\/span> (<span style=\"color: #fc5900;\">R\u00e9\u00e9ducation Posturale Globale<\/span>) qui m\u2019avait, adolescente, permis de continuer tous les sports que j\u2019aimais.<\/p>\n<p>J\u2019ai constat\u00e9 aussi chez de nombreux patients que le corps est aussi le si\u00e8ge de la personnalit\u00e9 et des \u00e9motions qui se mat\u00e9rialisent dans certains maux et contrarient les mouvements, emp\u00eachant une r\u00e9cup\u00e9ration plus compl\u00e8te. Pour mieux r\u00e9pondre \u00e0 vos besoins de mouvements, je me suis dirig\u00e9e vers la <span style=\"color: #fc5900;\">Microkin\u00e9sith\u00e9rapie<\/span> qui a pour objectif d\u2019aider \u00e0 faire un grand nettoyage de tout ce que le corps subit. Avec cette technique, je compl\u00e8te les traitements lorsque ceci est utile et j\u2019avance dans mon objectif qui est de vous rendre la plus grande mobilit\u00e9 et autonomie.<\/p>\n<h2 style=\"text-align: center;\"><span style=\"color: #fc5900;\">\u00ab\u00a0Le mouvement est principe de toute vie.\u00a0\u00bb L\u00e9onard de Vinci<\/span><\/h2>\n<p>Consciente que seul on ne peut pas tout faire, je souhaite d\u00e9sormais collaborer avec d\u2019autres th\u00e9rapeutes qui utilisent d\u2019autres outils et pour lesquels \u00ab\u00a0la personne est le centre de la th\u00e9rapie\u00a0\u00bb. Aujourd\u2019hui, je suis fi\u00e8re d\u2019avoir cr\u00e9\u00e9 le cabinet<span style=\"color: #fc5900;\"> Kinergie<\/span> et d\u2019y collaborer avec <span style=\"color: #fc5900;\">Marie-Charlotte Guillet<\/span>, <span style=\"color: #fc5900;\">Sophie Gruslin<\/span> et <span style=\"color: #fc5900;\">Na\u00efma Talbi<\/span> avec qui je partage la m\u00eame vision, chacune avec ses outils et sp\u00e9cialit\u00e9s.[\/vc_column_text][\/vc_column][vc_column width=\u00a0\u00bb1\/2&Prime;][vc_empty_space empty_h=\u00a0\u00bb3&Prime;][vc_single_image media=\u00a0\u00bb73302&Prime; media_width_percent=\u00a0\u00bb75&Prime;][\/vc_column][\/vc_row][vc_row][vc_column width=\u00a0\u00bb1\/1&Prime;][vc_separator sep_color=\u00a0\u00bbcolor-dfgh\u00a0\u00bb][\/vc_column][\/vc_row][vc_row][vc_column width=\u00a0\u00bb1\/2&Prime;][vc_single_image media=\u00a0\u00bb74224&Prime; media_width_percent=\u00a0\u00bb65&Prime;][\/vc_column][vc_column width=\u00a0\u00bb1\/2&Prime;][vc_column_text]<\/p>\n<h3><strong><span style=\"color: #fc7e00;\">Comp\u00e9tences\u00a0<\/span>:<\/strong><\/h3>\n<p style=\"text-align: left;\"><span style=\"text-decoration: underline;\"><strong><a href=\"http:\/\/www.kinergie.eu\/?page_id=73452\">RPG<\/a><\/strong><\/span><\/p>\n<p style=\"text-align: left;\"><span style=\"text-decoration: underline;\"><strong><a href=\"http:\/\/www.kinergie.eu\/?page_id=73469\">Stretching Global Actif<\/a><\/strong><\/span><\/p>\n<p style=\"text-align: left;\"><span style=\"text-decoration: underline;\"><strong><a href=\"http:\/\/www.kinergie.eu\/?page_id=73463\">Microkin\u00e9<\/a><\/strong><\/span><\/p>\n<p style=\"text-align: left;\"><span style=\"text-decoration: underline;\"><strong><a href=\"http:\/\/www.kinergie.eu\/?page_id=73443\">Revalidation orthop\u00e9dique et traumatologique<\/a><\/strong><\/span><\/p>\n<p>[\/vc_column_text][vc_column_text]<\/p>\n<h3><span style=\"color: #fc7e00;\"><strong>Comment me joindre\u00a0?<\/strong><\/span><\/h3>\n<p><span style=\"text-decoration: underline;\"><a href=\"tel:0477451636\"><strong>+32(0)477.45.16.36<\/strong><\/a><\/span><\/p>\n<p><span style=\"text-decoration: underline;\"><a href=\"mailto:amelie.collette@kinergie.eu\"><strong><span class=\"qu\" tabindex=\"-1\" role=\"gridcell\"><span class=\"gD\" data-hovercard-id=\"amelie.collette@kinergie.eu\" data-hovercard-owner-id=\"23\">amelie.collette@kinergie.eu<\/span><\/span><\/strong><\/a><\/span>[\/vc_column_text][vc_column_text]<\/p>\n<h3><span style=\"color: #fc7e00;\"><strong>Adresse<\/strong><\/span><\/h3>\n<p class=\"m_5058615310638845275MsoListParagraph\"><span style=\"color: #000051;\"><b><span style=\"color: #000051;\">Avenue D\u2019Andrimont 62<\/span><u><\/u><u><\/u><\/b><\/span><\/p>\n<p class=\"m_5058615310638845275MsoListParagraph\"><b><span style=\"color: #000051;\">1180 Uccle<\/span><u><\/u><u><\/u><\/b><\/p>\n<p class=\"m_5058615310638845275MsoListParagraph\">Entre le Fort-Jaco et la place Saint-job.<\/p>\n<p>[\/vc_column_text][\/vc_column][\/vc_row][vc_row][vc_column width=\u00a0\u00bb1\/1&Prime;][vc_separator sep_color=\u00a0\u00bbcolor-dfgh\u00a0\u00bb][\/vc_column][\/vc_row]<\/p>\n","protected":false},"excerpt":{"rendered":"<p>[vc_row row_height_percent=\u00a0\u00bb80&Prime; overlay_alpha=\u00a0\u00bb50&Prime; gutter_size=\u00a0\u00bb3&Prime; column_width_percent=\u00a0\u00bb100&Prime; shift_y=\u00a0\u00bb0&Prime; z_index=\u00a0\u00bb0&Prime;][vc_column width=\u00a0\u00bb1\/2&Prime;][vc_custom_heading text_size=\u00a0\u00bbh1&Prime; text_color=\u00a0\u00bbcolor-112796&Prime; separator=\u00a0\u00bbyes\u00a0\u00bb separator_color=\u00a0\u00bbyes\u00a0\u00bb]Am\u00e9lie Collette[\/vc_custom_heading][vc_column_text]Licenci\u00e9e en Kin\u00e9sith\u00e9rapie et r\u00e9adaptation depuis 1999, RPGiste, [&hellip;]<\/p>\n","protected":false},"author":1,"featured_media":0,"parent":0,"menu_order":0,"comment_status":"closed","ping_status":"closed","template":"","meta":[],"yoast_head":"<!-- This site is optimized with the Yoast SEO plugin v21.1 - https:\/\/yoast.com\/wordpress\/plugins\/seo\/ -->\n<title>Am\u00e9lie Collette - kinergie<\/title>\n<meta name=\"robots\" content=\"index, follow, max-snippet:-1, max-image-preview:large, max-video-preview:-1\" \/>\n<link rel=\"canonical\" href=\"https:\/\/www.kinergie.eu\/?page_id=73005\" \/>\n<meta property=\"og:locale\" content=\"fr_FR\" \/>\n<meta property=\"og:type\" content=\"article\" \/>\n<meta property=\"og:title\" content=\"Am\u00e9lie Collette - kinergie\" \/>\n<meta property=\"og:description\" content=\"[vc_row row_height_percent=\u00a0\u00bb80&Prime; overlay_alpha=\u00a0\u00bb50&Prime; gutter_size=\u00a0\u00bb3&Prime; column_width_percent=\u00a0\u00bb100&Prime; shift_y=\u00a0\u00bb0&Prime; z_index=\u00a0\u00bb0&Prime;][vc_column width=\u00a0\u00bb1\/2&Prime;][vc_custom_heading text_size=\u00a0\u00bbh1&Prime; text_color=\u00a0\u00bbcolor-112796&Prime; separator=\u00a0\u00bbyes\u00a0\u00bb separator_color=\u00a0\u00bbyes\u00a0\u00bb]Am\u00e9lie Collette[\/vc_custom_heading][vc_column_text]Licenci\u00e9e en Kin\u00e9sith\u00e9rapie et r\u00e9adaptation depuis 1999, RPGiste, [&hellip;]\" \/>\n<meta property=\"og:url\" content=\"https:\/\/www.kinergie.eu\/?page_id=73005\" \/>\n<meta property=\"og:site_name\" content=\"kinergie\" \/>\n<meta property=\"article:modified_time\" content=\"2022-02-14T15:39:04+00:00\" \/>\n<meta name=\"twitter:card\" content=\"summary_large_image\" \/>\n<meta name=\"twitter:label1\" content=\"Dur\u00e9e de lecture estim\u00e9e\" \/>\n\t<meta name=\"twitter:data1\" content=\"2 minutes\" \/>\n<script type=\"application\/ld+json\" class=\"yoast-schema-graph\">{\"@context\":\"https:\/\/schema.org\",\"@graph\":[{\"@type\":\"WebPage\",\"@id\":\"https:\/\/www.kinergie.eu\/?page_id=73005\",\"url\":\"https:\/\/www.kinergie.eu\/?page_id=73005\",\"name\":\"Am\u00e9lie Collette - kinergie\",\"isPartOf\":{\"@id\":\"https:\/\/www.kinergie.eu\/#website\"},\"datePublished\":\"2018-12-30T14:20:27+00:00\",\"dateModified\":\"2022-02-14T15:39:04+00:00\",\"breadcrumb\":{\"@id\":\"https:\/\/www.kinergie.eu\/?page_id=73005#breadcrumb\"},\"inLanguage\":\"fr-FR\",\"potentialAction\":[{\"@type\":\"ReadAction\",\"target\":[\"https:\/\/www.kinergie.eu\/?page_id=73005\"]}]},{\"@type\":\"BreadcrumbList\",\"@id\":\"https:\/\/www.kinergie.eu\/?page_id=73005#breadcrumb\",\"itemListElement\":[{\"@type\":\"ListItem\",\"position\":1,\"name\":\"Accueil\",\"item\":\"https:\/\/www.kinergie.eu\/\"},{\"@type\":\"ListItem\",\"position\":2,\"name\":\"Am\u00e9lie Collette\"}]},{\"@type\":\"WebSite\",\"@id\":\"https:\/\/www.kinergie.eu\/#website\",\"url\":\"https:\/\/www.kinergie.eu\/\",\"name\":\"Kinergie\",\"description\":\"Centre Kin\u00e9 \u00e0 Uccle\",\"publisher\":{\"@id\":\"https:\/\/www.kinergie.eu\/#organization\"},\"potentialAction\":[{\"@type\":\"SearchAction\",\"target\":{\"@type\":\"EntryPoint\",\"urlTemplate\":\"https:\/\/www.kinergie.eu\/?s={search_term_string}\"},\"query-input\":\"required name=search_term_string\"}],\"inLanguage\":\"fr-FR\"},{\"@type\":\"Organization\",\"@id\":\"https:\/\/www.kinergie.eu\/#organization\",\"name\":\"Kinergie\",\"url\":\"https:\/\/www.kinergie.eu\/\",\"logo\":{\"@type\":\"ImageObject\",\"inLanguage\":\"fr-FR\",\"@id\":\"https:\/\/www.kinergie.eu\/#\/schema\/logo\/image\/\",\"url\":\"https:\/\/www.kinergie.eu\/wp-content\/uploads\/2019\/01\/Logo12.png\",\"contentUrl\":\"https:\/\/www.kinergie.eu\/wp-content\/uploads\/2019\/01\/Logo12.png\",\"width\":700,\"height\":782,\"caption\":\"Kinergie\"},\"image\":{\"@id\":\"https:\/\/www.kinergie.eu\/#\/schema\/logo\/image\/\"}}]}<\/script>\n<!-- \/ Yoast SEO plugin. -->","yoast_head_json":{"title":"Am\u00e9lie Collette - kinergie","robots":{"index":"index","follow":"follow","max-snippet":"max-snippet:-1","max-image-preview":"max-image-preview:large","max-video-preview":"max-video-preview:-1"},"canonical":"https:\/\/www.kinergie.eu\/?page_id=73005","og_locale":"fr_FR","og_type":"article","og_title":"Am\u00e9lie Collette - kinergie","og_description":"[vc_row row_height_percent=\u00a0\u00bb80&Prime; overlay_alpha=\u00a0\u00bb50&Prime; gutter_size=\u00a0\u00bb3&Prime; column_width_percent=\u00a0\u00bb100&Prime; shift_y=\u00a0\u00bb0&Prime; z_index=\u00a0\u00bb0&Prime;][vc_column width=\u00a0\u00bb1\/2&Prime;][vc_custom_heading text_size=\u00a0\u00bbh1&Prime; text_color=\u00a0\u00bbcolor-112796&Prime; separator=\u00a0\u00bbyes\u00a0\u00bb separator_color=\u00a0\u00bbyes\u00a0\u00bb]Am\u00e9lie Collette[\/vc_custom_heading][vc_column_text]Licenci\u00e9e en Kin\u00e9sith\u00e9rapie et r\u00e9adaptation depuis 1999, RPGiste, [&hellip;]","og_url":"https:\/\/www.kinergie.eu\/?page_id=73005","og_site_name":"kinergie","article_modified_time":"2022-02-14T15:39:04+00:00","twitter_card":"summary_large_image","twitter_misc":{"Dur\u00e9e de lecture estim\u00e9e":"2 minutes"},"schema":{"@context":"https:\/\/schema.org","@graph":[{"@type":"WebPage","@id":"https:\/\/www.kinergie.eu\/?page_id=73005","url":"https:\/\/www.kinergie.eu\/?page_id=73005","name":"Am\u00e9lie Collette - kinergie","isPartOf":{"@id":"https:\/\/www.kinergie.eu\/#website"},"datePublished":"2018-12-30T14:20:27+00:00","dateModified":"2022-02-14T15:39:04+00:00","breadcrumb":{"@id":"https:\/\/www.kinergie.eu\/?page_id=73005#breadcrumb"},"inLanguage":"fr-FR","potentialAction":[{"@type":"ReadAction","target":["https:\/\/www.kinergie.eu\/?page_id=73005"]}]},{"@type":"BreadcrumbList","@id":"https:\/\/www.kinergie.eu\/?page_id=73005#breadcrumb","itemListElement":[{"@type":"ListItem","position":1,"name":"Accueil","item":"https:\/\/www.kinergie.eu\/"},{"@type":"ListItem","position":2,"name":"Am\u00e9lie Collette"}]},{"@type":"WebSite","@id":"https:\/\/www.kinergie.eu\/#website","url":"https:\/\/www.kinergie.eu\/","name":"Kinergie","description":"Centre Kin\u00e9 \u00e0 Uccle","publisher":{"@id":"https:\/\/www.kinergie.eu\/#organization"},"potentialAction":[{"@type":"SearchAction","target":{"@type":"EntryPoint","urlTemplate":"https:\/\/www.kinergie.eu\/?s={search_term_string}"},"query-input":"required name=search_term_string"}],"inLanguage":"fr-FR"},{"@type":"Organization","@id":"https:\/\/www.kinergie.eu\/#organization","name":"Kinergie","url":"https:\/\/www.kinergie.eu\/","logo":{"@type":"ImageObject","inLanguage":"fr-FR","@id":"https:\/\/www.kinergie.eu\/#\/schema\/logo\/image\/","url":"https:\/\/www.kinergie.eu\/wp-content\/uploads\/2019\/01\/Logo12.png","contentUrl":"https:\/\/www.kinergie.eu\/wp-content\/uploads\/2019\/01\/Logo12.png","width":700,"height":782,"caption":"Kinergie"},"image":{"@id":"https:\/\/www.kinergie.eu\/#\/schema\/logo\/image\/"}}]}},"_links":{"self":[{"href":"https:\/\/www.kinergie.eu\/index.php?rest_route=\/wp\/v2\/pages\/73005"}],"collection":[{"href":"https:\/\/www.kinergie.eu\/index.php?rest_route=\/wp\/v2\/pages"}],"about":[{"href":"https:\/\/www.kinergie.eu\/index.php?rest_route=\/wp\/v2\/types\/page"}],"author":[{"embeddable":true,"href":"https:\/\/www.kinergie.eu\/index.php?rest_route=\/wp\/v2\/users\/1"}],"replies":[{"embeddable":true,"href":"https:\/\/www.kinergie.eu\/index.php?rest_route=%2Fwp%2Fv2%2Fcomments&post=73005"}],"version-history":[{"count":39,"href":"https:\/\/www.kinergie.eu\/index.php?rest_route=\/wp\/v2\/pages\/73005\/revisions"}],"predecessor-version":[{"id":74225,"href":"https:\/\/www.kinergie.eu\/index.php?rest_route=\/wp\/v2\/pages\/73005\/revisions\/74225"}],"wp:attachment":[{"href":"https:\/\/www.kinergie.eu\/index.php?rest_route=%2Fwp%2Fv2%2Fmedia&parent=73005"}],"curies":[{"name":"wp","href":"https:\/\/api.w.org\/{rel}","templated":true}]}}